[INFO] cloning repository https://github.com/PeakKS/Ferrous
[INFO] running `Command { std: "git" "-c" "credential.helper=" "-c" "credential.helper=/workspace/cargo-home/bin/git-credential-null" "clone" "--bare" "https://github.com/PeakKS/Ferrous" "/workspace/cache/git-repos/https%3A%2F%2Fgithub.com%2FPeakKS%2FFerrous", kill_on_drop: false }`
[INFO] [stderr] Cloning into bare repository '/workspace/cache/git-repos/https%3A%2F%2Fgithub.com%2FPeakKS%2FFerrous'...
[INFO] running `Command { std: "git" "rev-parse" "HEAD", kill_on_drop: false }`
[INFO] [stdout] 0a00a11c70bba0638badf511343ef4bd29432d23
[INFO] checking PeakKS/Ferrous against master#9610dfe5a9a731ced1ea4923ecbd0c57fe367898 for beta-170-4
[INFO] running `Command { std: "git" "clone" "/workspace/cache/git-repos/https%3A%2F%2Fgithub.com%2FPeakKS%2FFerrous" "/workspace/builds/worker-1-tc1/source", kill_on_drop: false }`
[INFO] [stderr] Cloning into '/workspace/builds/worker-1-tc1/source'...
[INFO] [stderr] done.
[INFO] validating manifest of git repo https://github.com/PeakKS/Ferrous on toolchain 9610dfe5a9a731ced1ea4923ecbd0c57fe367898
[INFO] running `Command { std: CARGO_HOME="/workspace/cargo-home" RUSTUP_HOME="/workspace/rustup-home" "/workspace/cargo-home/bin/cargo" "+9610dfe5a9a731ced1ea4923ecbd0c57fe367898" "metadata" "--manifest-path" "Cargo.toml" "--no-deps", kill_on_drop: false }`
[INFO] started tweaking git repo https://github.com/PeakKS/Ferrous
[INFO] finished tweaking git repo https://github.com/PeakKS/Ferrous
[INFO] tweaked toml for git repo https://github.com/PeakKS/Ferrous written to /workspace/builds/worker-1-tc1/source/Cargo.toml
[INFO] crate git repo https://github.com/PeakKS/Ferrous already has a lockfile, it will not be regenerated
[INFO] running `Command { std: CARGO_HOME="/workspace/cargo-home" RUSTUP_HOME="/workspace/rustup-home" "/workspace/cargo-home/bin/cargo" "+9610dfe5a9a731ced1ea4923ecbd0c57fe367898" "fetch" "--manifest-path" "Cargo.toml", kill_on_drop: false }`
[INFO] running `Command { std: "docker" "create" "-v" "/var/lib/crater-agent-workspace/builds/worker-1-tc1/target:/opt/rustwide/target:rw,Z" "-v" "/var/lib/crater-agent-workspace/builds/worker-1-tc1/source:/opt/rustwide/workdir:ro,Z" "-v" "/var/lib/crater-agent-workspace/cargo-home:/opt/rustwide/cargo-home:ro,Z" "-v" "/var/lib/crater-agent-workspace/rustup-home:/opt/rustwide/rustup-home:ro,Z" "-e" "SOURCE_DIR=/opt/rustwide/workdir" "-e" "CARGO_TARGET_DIR=/opt/rustwide/target" "-e" "CARGO_HOME=/opt/rustwide/cargo-home" "-e" "RUSTUP_HOME=/opt/rustwide/rustup-home" "-w" "/opt/rustwide/workdir" "-m" "1610612736" "--user" "0:0" "--network" "none" "ghcr.io/rust-lang/crates-build-env/linux@sha256:19e73879b68f455e41552ea35293514db52ea292d993f571636dbffedb77a1ee" "/opt/rustwide/cargo-home/bin/cargo" "+9610dfe5a9a731ced1ea4923ecbd0c57fe367898" "metadata" "--no-deps" "--format-version=1", kill_on_drop: false }`
[INFO] [stdout] fdcb9232a47357f19631d16cffaaecd574e139e3a81c5b977ac68d2dbcdf73d9
[INFO] running `Command { std: "docker" "start" "-a" "fdcb9232a47357f19631d16cffaaecd574e139e3a81c5b977ac68d2dbcdf73d9", kill_on_drop: false }`
[INFO] running `Command { std: "docker" "inspect" "fdcb9232a47357f19631d16cffaaecd574e139e3a81c5b977ac68d2dbcdf73d9", kill_on_drop: false }`
[INFO] running `Command { std: "docker" "rm" "-f" "fdcb9232a47357f19631d16cffaaecd574e139e3a81c5b977ac68d2dbcdf73d9", kill_on_drop: false }`
[INFO] [stdout] fdcb9232a47357f19631d16cffaaecd574e139e3a81c5b977ac68d2dbcdf73d9
[INFO] running `Command { std: "docker" "create" "-v" "/var/lib/crater-agent-workspace/builds/worker-1-tc1/target:/opt/rustwide/target:rw,Z" "-v" "/var/lib/crater-agent-workspace/builds/worker-1-tc1/source:/opt/rustwide/workdir:ro,Z" "-v" "/var/lib/crater-agent-workspace/cargo-home:/opt/rustwide/cargo-home:ro,Z" "-v" "/var/lib/crater-agent-workspace/rustup-home:/opt/rustwide/rustup-home:ro,Z" "-e" "SOURCE_DIR=/opt/rustwide/workdir" "-e" "CARGO_TARGET_DIR=/opt/rustwide/target" "-e" "CARGO_INCREMENTAL=0" "-e" "RUST_BACKTRACE=full" "-e" "RUSTFLAGS=--cap-lints=forbid" "-e" "RUSTDOCFLAGS=--cap-lints=forbid" "-e" "CARGO_HOME=/opt/rustwide/cargo-home" "-e" "RUSTUP_HOME=/opt/rustwide/rustup-home" "-w" "/opt/rustwide/workdir" "-m" "1610612736" "--user" "0:0" "--network" "none" "ghcr.io/rust-lang/crates-build-env/linux@sha256:19e73879b68f455e41552ea35293514db52ea292d993f571636dbffedb77a1ee" "/opt/rustwide/cargo-home/bin/cargo" "+9610dfe5a9a731ced1ea4923ecbd0c57fe367898" "check" "--frozen" "--all" "--all-targets" "--message-format=json", kill_on_drop: false }`
[INFO] [stdout] 2e8b9ebb28ffe5be0341a60e30de2323d83a04e85ded53d472a633617eea19bb
[INFO] running `Command { std: "docker" "start" "-a" "2e8b9ebb28ffe5be0341a60e30de2323d83a04e85ded53d472a633617eea19bb", kill_on_drop: false }`
[INFO] [stderr]    Compiling libc v0.2.132
[INFO] [stderr]    Compiling version_check v0.9.4
[INFO] [stderr]    Compiling proc-macro2 v1.0.43
[INFO] [stderr]    Compiling quote v1.0.21
[INFO] [stderr]    Compiling cfg-if v1.0.0
[INFO] [stderr]    Compiling unicode-ident v1.0.3
[INFO] [stderr]    Compiling version-compare v0.1.0
[INFO] [stderr]    Compiling syn v1.0.99
[INFO] [stderr]     Checking bitflags v1.3.2
[INFO] [stderr]    Compiling ash v0.37.0+1.3.209
[INFO] [stderr]    Compiling autocfg v1.1.0
[INFO] [stderr]    Compiling sdl2 v0.35.2
[INFO] [stderr]    Compiling heck v0.4.0
[INFO] [stderr]     Checking hashbrown v0.12.3
[INFO] [stderr]     Checking os_str_bytes v6.3.0
[INFO] [stderr]     Checking libloading v0.7.3
[INFO] [stderr]     Checking once_cell v1.14.0
[INFO] [stderr]     Checking termcolor v1.1.3
[INFO] [stderr]     Checking strsim v0.10.0
[INFO] [stderr]     Checking textwrap v0.15.0
[INFO] [stderr]     Checking console v0.1.0 (/opt/rustwide/workdir)
[INFO] [stderr]     Checking clap_lex v0.2.4
[INFO] [stdout] error[E0432]: unresolved import `clap`
[INFO] [stdout]  --> engine/src/main.rs:1:5
[INFO] [stdout]   |
[INFO] [stdout] 1 | use clap::Parser;
[INFO] [stdout]   |     ^^^^ use of undeclared crate or module `clap`
[INFO] [stdout] 
[INFO] [stdout] 
[INFO] [stdout] error[E0432]: unresolved import `renderer`
[INFO] [stdout]  --> engine/src/main.rs:2:5
[INFO] [stdout]   |
[INFO] [stdout] 2 | use renderer::Core;
[INFO] [stdout]   |     ^^^^^^^^ use of undeclared crate or module `renderer`
[INFO] [stdout] 
[INFO] [stdout] 
[INFO] [stdout] error: cannot determine resolution for the derive macro `Parser`
[INFO] [stdout]  --> engine/src/main.rs:4:10
[INFO] [stdout]   |
[INFO] [stdout] 4 | #[derive(Parser)]
[INFO] [stdout]   |          ^^^^^^
[INFO] [stdout]   |
[INFO] [stdout]   = note: import resolution is stuck, try simplifying macro imports
[INFO] [stdout] 
[INFO] [stdout] 
[INFO] [stdout] error[E0432]: unresolved import `clap`
[INFO] [stdout]  --> engine/src/main.rs:1:5
[INFO] [stdout]   |
[INFO] [stdout] 1 | use clap::Parser;
[INFO] [stdout]   |     ^^^^ use of undeclared crate or module `clap`
[INFO] [stdout] 
[INFO] [stdout] 
[INFO] [stdout] error[E0432]: unresolved import `renderer`
[INFO] [stdout]  --> engine/src/main.rs:2:5
[INFO] [stdout]   |
[INFO] [stdout] 2 | use renderer::Core;
[INFO] [stdout]   |     ^^^^^^^^ use of undeclared crate or module `renderer`
[INFO] [stdout] 
[INFO] [stdout] 
[INFO] [stdout] error: cannot determine resolution for the derive macro `Parser`
[INFO] [stdout]  --> engine/src/main.rs:4:10
[INFO] [stdout]   |
[INFO] [stdout] 4 | #[derive(Parser)]
[INFO] [stdout]   |          ^^^^^^
[INFO] [stdout]   |
[INFO] [stdout]   = note: import resolution is stuck, try simplifying macro imports
[INFO] [stdout] 
[INFO] [stdout] 
[INFO] [stderr]    Compiling sdl2-sys v0.35.2
[INFO] [stdout] error: cannot find attribute `clap` in this scope
[INFO] [stdout]  --> engine/src/main.rs:5:3
[INFO] [stdout]   |
[INFO] [stdout] 5 | #[clap(author, version, about, long_about = None)]
[INFO] [stdout]   |   ^^^^
[INFO] [stdout] 
[INFO] [stdout] 
[INFO] [stdout] error: cannot find attribute `clap` in this scope
[INFO] [stdout]  --> engine/src/main.rs:7:7
[INFO] [stdout]   |
[INFO] [stdout] 7 |     #[clap(short, long, value_parser)]
[INFO] [stdout]   |       ^^^^
[INFO] [stdout] 
[INFO] [stdout] 
[INFO] [stdout] error: cannot find attribute `clap` in this scope
[INFO] [stdout]   --> engine/src/main.rs:10:7
[INFO] [stdout]    |
[INFO] [stdout] 10 |     #[clap(short, long, value_parser)]
[INFO] [stdout]    |       ^^^^
[INFO] [stdout] 
[INFO] [stdout] 
[INFO] [stdout] error: cannot find attribute `clap` in this scope
[INFO] [stdout]   --> engine/src/main.rs:13:7
[INFO] [stdout]    |
[INFO] [stdout] 13 |     #[clap(short, long)]
[INFO] [stdout]    |       ^^^^
[INFO] [stdout] 
[INFO] [stdout] 
[INFO] [stdout] error: cannot find attribute `clap` in this scope
[INFO] [stdout]  --> engine/src/main.rs:5:3
[INFO] [stdout]   |
[INFO] [stdout] 5 | #[clap(author, version, about, long_about = None)]
[INFO] [stdout]   |   ^^^^
[INFO] [stdout] 
[INFO] [stdout] 
[INFO] [stdout] error: cannot find attribute `clap` in this scope
[INFO] [stdout]  --> engine/src/main.rs:7:7
[INFO] [stdout]   |
[INFO] [stdout] 7 |     #[clap(short, long, value_parser)]
[INFO] [stdout]   |       ^^^^
[INFO] [stdout] 
[INFO] [stdout] 
[INFO] [stdout] error: cannot find attribute `clap` in this scope
[INFO] [stdout]   --> engine/src/main.rs:10:7
[INFO] [stdout]    |
[INFO] [stdout] 10 |     #[clap(short, long, value_parser)]
[INFO] [stdout]    |       ^^^^
[INFO] [stdout] 
[INFO] [stdout] 
[INFO] [stdout] error: cannot find attribute `clap` in this scope
[INFO] [stdout]   --> engine/src/main.rs:13:7
[INFO] [stdout]    |
[INFO] [stdout] 13 |     #[clap(short, long)]
[INFO] [stdout]    |       ^^^^
[INFO] [stdout] 
[INFO] [stdout] 
[INFO] [stdout] error[E0599]: no function or associated item named `parse` found for struct `Cli` in the current scope
[INFO] [stdout]   --> engine/src/main.rs:34:20
[INFO] [stdout]    |
[INFO] [stdout] 6  | struct Cli {
[INFO] [stdout]    | ---------- function or associated item `parse` not found for this struct
[INFO] [stdout] ...
[INFO] [stdout] 34 |     let cli = Cli::parse();
[INFO] [stdout]    |                    ^^^^^ function or associated item not found in `Cli`
[INFO] [stdout] 
[INFO] [stdout] 
[INFO] [stdout] error: aborting due to 8 previous errors
[INFO] [stdout] 
[INFO] [stdout] 
[INFO] [stdout] Some errors have detailed explanations: E0432, E0599.
[INFO] [stdout] 
[INFO] [stdout] For more information about an error, try `rustc --explain E0432`.
[INFO] [stdout] 
[INFO] [stdout] error[E0599]: no function or associated item named `parse` found for struct `Cli` in the current scope
[INFO] [stdout]   --> engine/src/main.rs:34:20
[INFO] [stdout]    |
[INFO] [stdout] 6  | struct Cli {
[INFO] [stdout]    | ---------- function or associated item `parse` not found for this struct
[INFO] [stdout] ...
[INFO] [stdout] 34 |     let cli = Cli::parse();
[INFO] [stdout]    |                    ^^^^^ function or associated item not found in `Cli`
[INFO] [stdout] 
[INFO] [stdout] 
[INFO] [stderr] error: could not compile `console` (bin "engine") due to 9 previous errors
[INFO] [stderr] warning: build failed, waiting for other jobs to finish...
[INFO] [stdout] error: aborting due to 8 previous errors
[INFO] [stdout] 
[INFO] [stdout] 
[INFO] [stdout] Some errors have detailed explanations: E0432, E0599.
[INFO] [stdout] 
[INFO] [stdout] For more information about an error, try `rustc --explain E0432`.
[INFO] [stdout] 
[INFO] [stderr] error: could not compile `console` (bin "engine" test) due to 9 previous errors
[INFO] running `Command { std: "docker" "inspect" "2e8b9ebb28ffe5be0341a60e30de2323d83a04e85ded53d472a633617eea19bb", kill_on_drop: false }`
[INFO] running `Command { std: "docker" "rm" "-f" "2e8b9ebb28ffe5be0341a60e30de2323d83a04e85ded53d472a633617eea19bb", kill_on_drop: false }`
[INFO] [stdout] 2e8b9ebb28ffe5be0341a60e30de2323d83a04e85ded53d472a633617eea19bb
